6 + (-1 - -1 - 0). Let n(l) = 6*l + 2 - 22*l - 3 + 13*l + u*l. Determine n(v).
11
Let k = -3612 + 3607. Let j(u) = 3*u + 10. Let h(o) = 8*o + 15. Let y(f) = 7*f + 15. Let x(w) = -3*h(w) + 4*y(w). Let r(i) = 7*j(i) - 5*x(i). What is r(k)?
-10
Let d be -10 + 7 + (9 - 1). Let m(k) = -k + 1. Let p(w) = -w - 4 - 9*w + 2*w + 0*w. Let l(t) = d*m(t) + p(t). Calculate l(1).
-12
Let c(j) = -85*j**2 + 3 - 7*j - 5*j + j + 0*j + 84*j**2 + 4*j. Let m be 33/(-4) + 1/4. Determine c(m).
-5
Let z(i) = i**2 + 179*i + 2302. Let u be z(-14). Let j(a) = -a**3 - 10*a**2 - 13*a + 1. Determine j(u).
-23
Let a be 0/2*66/(-132). Let u(w) = 23*w + 2 - 17*w + a*w**2 + w**2 - 3. Give u(-5).
-6
Suppose 3*v + 664 = d, 0 = 4*d + 3*v - v - 2628. Let r = d - 663. Let q(w) be the first derivative of -2*w**2 + 4*w - 1. Calculate q(r).
24
Let i(n) = n**3 + 6*n**2 - 6*n + 1. Let z = -44 + 47. Suppose -r + 29 = 4*w, -r + 6 = -z*w - 2. Suppose -m = -10 + r. What is i(m)?
-6
Let h(c) be the third derivative of -7/6*c**3 - 1/24*c**4 + 1/60*c**5 + 0*c + c**2 - 9. Give h(0).
-7
Suppose 12*g = 45 + 27. Let u(j) = 2*j - 32. Determine u(g).
-20
Suppose 4*z - 6*c = -c - 45, -2*c + 35 = -5*z. Let t(b) be the first derivative of 115 - 5/3*b**3 + 3*b + 1/2*b**2 - 1/4*b**4. Give t(z).
-2
Let h = -13 - -20. Let z(f) be the third derivative of -f**6/120 + 7*f**5/60 + 5*f**4/24 - 5*f**3/6 - 57*f**2 + 34. What is z(h)?
30
Let c(k) = -5*k**2 + 7*k + 2. Let l(n) = -2*n**2 + n - 1. Let q = 465 - 464. Let p(f) = q*c(f) - 3*l(f). Suppose -4*m + 9 - 33 = 0. Give p(m).
17
Let d(r) = -9*r**3 + r**2 - 1. Let z be 279/6 + 2/(-4). Suppose 4 = 47*m - z*m. Let t be 3 + m/2 - 4. What is d(t)?
-9
Let l(r) = -3*r**2 + 5*r + 1. Let d(c) = -17*c**2 + 34*c - 44. Let t(s) = d(s) - 6*l(s). Determine t(-10).
10
Let r(o) = 0 + 25*o**2 + 27*o**2 + 25*o**2 - 7 - 76*o**2. Determine r(6).
29
Let u(d) = d**3 + d + 0*d**2 + d - 1 + 3*d**2. Suppose -3*p - p = -4*i + 48, 0 = -2*i + 3*p + 22. Suppose i*o + 12*o + 52 = 0. Determine u(o).
-1
Let h(p) be the first derivative of -p**3 - 3*p**2/2 - 186. Suppose -5*g + 10 = 0, -4*l = -2*g - 3*g + 22. Determine h(l).
-18
Suppose -153 = -17*r - 0*r. Let h(g) = -10 - 9 - 8*g - 7 + r*g + 24. Determine h(-2).
-4
Let j(u) = 7*u**3 + 2*u - 1. Let s be j(1). Let t(k) = -5 - s - k + 1. Suppose 36*z = 35*z - 4*p - 23, 0 = 5*z - 3*p + 23. Give t(z).
-5
Let p(x) = -2 - 5 + 2*x + x**2 - 4*x. Let l be p(8). Let v = -38 + l. Let n(r) = r**3 - 2*r**2 - 2*r + 1. Give n(v).
4
Let i(l) = l + 8. Let r(c) = c + 8. Let o(g) = 3*i(g) - 2*r(g). Suppose 3*f - 15 = -15. Determine o(f).
8
Let d = 177 + -171. Let l(g) be the first derivative of 4 + g**2 - 7*g + 1/4*g**4 - 2*g**3. Determine l(d).
5
Let f(p) = 75*p**2 + 30*p. Let l(a) = -103*a**2 - 40*a + 1. Let w(m) = -11*f(m) - 8*l(m). What is w(-5)?
17
Let c = 52 - 47. Let j(r) = -6*r**2 - 4*r - 27 - c*r**3 + 25 + 6*r**3. Give j(7).
19
Let j(a) = -a**3 - 3*a**2 + 7*a - 5. Let m(v) = -v + 3. Let h(i) = -j(i) - 2*m(i). Let w = -5 - -12. Suppose 3*o - w = -19. Determine h(o).
3
Let u(x) = 5*x**2 - 7*x - 9. Suppose 4*d - 2 = -18. Let q(m) be the first derivative of m**3 - 3*m**2/2 - 5*m - 39. Let h(a) = d*u(a) + 7*q(a). Give h(-6).
-5
Let a(k) = 4*k. Let r(y) = -23*y - 1. Let g = 83 - 81. Suppose g*v + 6*v = -176. Let i(f) = v*a(f) - 4*r(f). Give i(-3).
-8
Suppose 0 = -6*w + 46*b - 45*b + 24, 4*w - b = 14. Let h(p) = 20*p + 19. Calculate h(w).
119
Let z(c) = c**2 - 7*c + 2. Suppose 100 = i + 4*j, -2*i + 103 = -i + j. Let y = -121 + i. Let a be -2 - (y + 4 - -3). Calculate z(a).
10
Let k(y) be the second derivative of -17*y**3/6 - 11*y. Suppose -16*h = 15*h - 31. Give k(h).
-17
Let y(d) be the second derivative of -d**3/6 - 5*d**2 + 10*d. Let b be y(-5). Let t(s) = 8*s + 3 + 1 - 7*s + 0. Calculate t(b).
-1
Let r(m) = 0 + 3*m + 11 + 13. Let x be r(-8). Let h be ((-1 - 0) + x)*2. Let v(d) = -2*d**2 - 3*d - 3. What is v(h)?
-5
Let m = 293 + -288. Let k(r) = -r**3 + r**2 - 3*r + 2. Let p(z) = -z**2 - z + 1. Let a(i) = -k(i) + 4*p(i). Calculate a(m).
-3
Let a = -1148 + 2141. Let j(r) = r - a + 989 - 8*r + 0*r**2 - r**2. What is j(-5)?
6
Let c(p) be the first derivative of -3*p**4/4 + 2*p**3/3 + p**2/2 - p - 949. Calculate c(2).
-15
Let s(v) = -v**2 - 3*v + 8. Let o be s(-5). Let r be o - (-2 - 3 - -3). Let j(k) be the third derivative of -k**5/60 + k**3/2 + 2*k**2 + 28*k. What is j(r)?
3
Let y(b) = b**2 + 6*b + 8. Let g(t) = -40*t - 31. Let u(s) = -19*s - 16. Let h(q) = -6*g(q) + 11*u(q). Let x be h(3). Let d = 97 - x. Calculate y(d).
8
Let z(l) = -13*l - 1. Let i = 14 - 19. Let g be (-1)/3 - -4*i/(-15). Give z(g).
-14
Let v be (8/10)/((-4)/(-10)). Suppose 0 = -13*z + 31*z - 36. Let q(d) = 3*d - v*d**2 - 2*d**3 - z*d + 0*d - 2*d. Determine q(-2).
10
Let a(g) = -49*g**2 - 245*g - 5. Let i be a(-5). Let v(t) = t**3 + 7*t**2 + 7*t - 2. Calculate v(i).
13
Let r(j) = 2499 + 5*j**2 + 11*j - 74*j - 2465. What is r(12)?
-2
Let c(d) be the third derivative of d**5/60 - 7*d**4/12 + d**3 - 1128*d**2. Give c(15).
21
Let q(z) = -184*z**3 - 22*z**2 + 16*z - 26. Let v(s) = -93*s**3 - 12*s**2 + 9*s - 14. Let a(l) = 6*q(l) - 11*v(l). Determine a(-1).
82
Let t(y) = 32*y + 36*y + 32*y - 102*y + 11. Suppose 2*x = 3*x - 3. Calculate t(x).
5
Suppose -i + 4 + 0 = 0. Suppose g + 0*g - 7 = -3*l, 5*l = -i*g + 14. Let k be ((-50)/100)/(-1*g/4). Let j(u) = -u**3 - u**2 + 3*u - 1. Determine j(k).
-7
Let i(z) = -43*z - 1199. Let k be i(-28). Let j(f) = 3 + 3 + f - 5*f + f**2. What is j(k)?
11
Let u(t) = 385*t + 5. Let b(z) = -1734*z - 20. Let o(p) = -2*b(p) - 9*u(p). Suppose -2 = -q - 2*a, 3*q - a + 16 = 4*a. Give o(q).
-11
Let t(g) be the third derivative of g**6/120 - 2*g**5/15 + 7*g**4/24 + 7*g**3/6 + 157*g**2. Let l = 20 - 13. What is t(l)?
7
Let q = -26002 - -25992. Let o(f) = -f**2 - 17*f - 66. Determine o(q).
4
Let r(g) be the first derivative of -29*g + 13*g + 9*g + 5*g - 155 + 4*g**2. Determine r(2).
14
Let s(i) = -2*i**3 - i**2 + 2*i - 1. Suppose -2*n - 3*n + 3*o = -786, 2*o + 630 = 4*n. Suppose -9*r = -30 - n. Suppose r - 19 = 2*c. What is s(c)?
-2
Let x(m) be the first derivative of m**5/60 + 7*m**4/24 - 13*m**3/6 + 95*m**2/2 + 2*m + 186. Let p(c) be the second derivative of x(c). Give p(-9).
5
Let g(s) = 167*s - 11. Let v(j) = 376*j - 21. Let n(a) = 9*g(a) - 4*v(a). Determine n(9).
-24
Let g(z) = -91*z + 245. Let a(d) = -17*d + 49. Let h(m) = -11*a(m) + 2*g(m). Calculate h(6).
-19
Let u be ((-2)/(-4) - 0)*0. Let i(w) = w - 1. Let y be i(u). Let o(v) = v + v**2 - 1111 + 630 + 481. Give o(y).
0
Let u(l) = -l**2 + 6*l. Let b(k) = -k**3 - 22*k**2 + k + 25. Let g be b(-22). Suppose -t = g*o - 14, 3*t + 4*o = 22 + 5. Give u(t).
5
Let u be (20 + (-215)/10)*(-20)/6 + -5. Let p(s) = -s**3 - 2*s**2 + 21. Calculate p(u).
21
Let y(k) = k**2 + 21*k + 65. Let b be y(-17). Let l(d) = -1. Let v(m) = m + 7. Let p(r) = 6*l(r) + v(r). Determine p(b).
-2
Let t(k) = -5*k + 8. Let r(m) be the third derivative of 29*m**4/24 - 15*m**3/2 - 3*m**2 + 8. Let j(n) = 6*r(n) + 34*t(n). Determine j(1).
6
Let i be -57*((-2952)/76 - -39). Let p(w) = w**2 + 3*w + 9*w + 3 - 2*w. What is p(i)?
-6
Let u(p) = 8 + 3*p + 8 - 27 - 4*p + 18. Determine u(-13).
20
Suppose 2*c - c = -125. Let q be -120 + (-5 - 0/4). Let u = q - c. Let i(f) = -f**2 + f + 15. Give i(u).
15
Suppose 3*g - 26 = -z, -3*z - 18*g = -16*g - 36. Let s(q) = -2*q + 21. What is s(z)?
5
Let s(g) = -4*g**3 - 4*g**2 - 5*g. Let w be s(-1). Let x(v) = 2*v + 1 + 3 - w*v - 10. Calculate x(-7).
15
Let h(q) = 3*q + 13. Suppose 5*j - 3*p = -21, -5*j + 10 = -5*p + 35. Determine h(j).
4
Let l(h) = h**2 + 14*h - 19. Suppose 73 = -5*a + b, 62*b - 65*b = 5*a + 81. Calculate l(a).
-4
Suppose -11*g + 25*g = 98. Let u(p) = -2693 + 14*p - g*p + 2697. Determine u(-2).
-10
Let q(h) = -162*h**3 - 1. Suppose i - 365*y + 11 = -370*y, -i - 5 = 2*y. Calculate q(i).
161
Let i(f) = -12*f**2 + f - 34. Let u(s) = s**2 + 3. Let o(l) = -2*i(l) - 22*u(l). Determine o(3).
14
Let r(f) = 3 + 10051*f**2 - 3351*f**2 - 3347*f**2 - f - 3352*f**2. What is r(2)?
5
Let d(y) = -7 - 87*y**2 + 34 - 5 - 12*y + y + 86*y**2. Give d(-11).
22
Let p(z) be the second derivative of z - 1/20*z**5 - 26 - 7/2*z**2 - 3/2*z**3 - 5/6*z**4. Suppose -16 = 3*d + 11. What is p(d)?
-7
Let g(k) = k**3 + 3*k**2 - 6*k + 7. Su